**2 + 11*f - 2. Let h be d(s). What is the highest common factor of h and 224?
28
Suppose 3*q = 2*o - q + 4, 3*q - 3 = 5*o. Suppose 0 = -2*g - o*g + 20. Calculate the greatest common divisor of g and 10.
10
Let i(p) = -5*p + 185. Let h be i(29). What is the greatest common divisor of h and 40?
40
Suppose 2*k + l - 101 = -40, 2*k = -4*l + 58. Calculate the greatest common divisor of 961 and k.
31
Suppose 3*k = -2*k + 20. Suppose k*n - y - 18 = 0, 3*n + 2*y - 4*y = 11. Suppose 3*g + 60 = 9*g. Calculate the highest common factor of g and n.
5
Suppose -172 + 1452 = 5*x. Suppose 2*p - 140 = x. Let l be 3 - (-22 - (1 + -4)). Calculate the greatest common factor of p and l.
22
Suppose 4*d = -12*v + 9*v + 178, -61 = -v - d. Suppose -23*h - v = -26*h. What is the greatest common factor of h and 11?
11
Let c be (-19 + 12)/((-2)/8). What is the highest common factor of 49 and c?
7
Let f be (0 - -2)*3/2. Suppose w + 6 + 31 = 0. Let p = w - -52. What is the greatest common factor of f and p?
3
Suppose 0 = 4*z + t + t - 90, 42 = 2*z - 2*t. Suppose -m - m - 16 = 0. Let f = -6 - m. Calculate the highest common divisor of z and f.
2
Let m(i) = 2*i - 2. Suppose 3*u - 3*f = -u + 24, -2 = 2*u - 5*f. Let j be m(u). What is the greatest common divisor of 6 and j?
2
Suppose -l - 5*l + 192 = 0. Suppose 0*j - 3*a - 40 = -4*j, j - 19 = 3*a. Suppose 6*q + 8 = j*q. What is the highest common divisor of q and l?
8
Let u = -92 + 96. Suppose -2*c + 0*c = -3*n - 153, u*c = -2*n + 282. What is the greatest common factor of c and 108?
36
Suppose 0 = -2*v - 2*g + 190, -4*v + 2*v - 5*g + 205 = 0. What is the highest common factor of v and 70?
10
Suppose 2*f - f - 2*c - 49 = 0, 0 = 5*c + 25. Suppose -p + 26 = -f. What is the greatest common divisor of p and 13?
13
Let o = 295 - 199. Calculate the greatest common factor of o and 72.
24
Let k be 10 + -16 - (-4 - -2). Let x be (-1)/((-2155)/4290 - k/8). Calculate the greatest common divisor of 39 and x.
39
Let m(s) = 13*s - 56. Let f be m(20). What is the greatest common divisor of f and 192?
12
Let c be (2/4 - (-106)/12)*18. Calculate the highest common factor of 96 and c.
24
Suppose -4*z + 2*j = -5262, 69*j - 9 = 72*j. What is the greatest common factor of z and 6?
6
Let t = -305 + 529. What is the greatest common divisor of t and 96?
32
Let s(j) = j**3 - 10*j**2 - 7*j + 12. Let h be s(8). Let f = h + 268. Suppose 11 - f = -q. What is the greatest common factor of 34 and q?
17
Let j(b) = -b + 1. Let g be j(-6). Suppose 192 = -7*h + h. Let m = h + 88. Calculate the highest common factor of g and m.
7
Let g(p) = p**3 - p**2 + 16*p - 24. Let q be g(4). Calculate the highest common divisor of 22 and q.
22
Suppose 4*v - 3458 = -3*v. What is the greatest common divisor of v and 26?
26
Let b(l) = 62*l - 40. Let n be b(5). Calculate the greatest common divisor of n and 10.
10
Let p = -12 - -15. Suppose -4*o = p*x - x + 128, 0 = 5*x - 10. Let i be 3/(-6) + o/(-2). Calculate the greatest common divisor of 4 and i.
4
Suppose -34 = -3*v - 1. Suppose 0 = 2*t - u, -1 = -3*t - u + 4. Calculate the highest common factor of v and t.
1
Let x = -12 - -31. Let u be (-9 - -2)/((-1)/x). Let i(m) = 2*m**2 + 25*m + 76. Let g be i(-3). What is the highest common factor of u and g?
19
Let d(q) = 2*q**2 - 8*q + 5. Let y be d(4). Suppose -y*l + 16 = -59. Calculate the highest common divisor of 60 and l.
15
Let y(g) = -g**3 - 2*g + 4. Let j be y(-4). Let n = -62 - -81. Calculate the greatest common divisor of n and j.
19
Let d(x) = x - 1. Let p be d(3). Let s = 0 + p. Calculate the greatest common divisor of 3 and s.
1
Let a = 7 - 6. Let g be (157 - 12/(-4))/a. Suppose 32 - g = -2*s. Calculate the highest common factor of s and 8.
8
Let h be 3/(18/3)*0. Suppose -2*i + 29 = -h*d + 3*d, i = d + 7. What is the highest common factor of 70 and i?
10
Let u(s) = 193*s + 8. Let b be u(1). What is the highest common factor of 335 and b?
67
Let z = 7 - -14. Calculate the greatest common divisor of z and 112.
7
Let i(z) = -512*z + 20. Let s be i(18). Let l be (-4)/(-3) - s/33. Let v = 65 - 25. Calculate the highest common factor of l and v.
40
Let o be 9/(-12) - 153/(-12). Suppose -o = 2*u - 4*u. Suppose -5*j + 20 = 0, 0 = -u*k + k - 2*j + 218. Calculate the greatest common factor of 7 and k.
7
Let f = 217 - 41. Suppose d + 3*z = z + 14, 5*d - 75 = -5*z. What is the greatest common divisor of d and f?
16
Let c(s) = s + 23. Let d be c(0). Suppose -2*k - 746 = 3*o, 0 = -5*k - o - 1151 - 688. Let l be 15/30 + k/(-2). What is the highest common factor of d and l?
23
Suppose 3*y = 4*b + 216, 0 = -5*y - 0*b + b + 360. Calculate the greatest common factor of 96 and y.
24
Let z = 180 + -114. Suppose 2*x = -0*x + z. Calculate the greatest common factor of x and 132.
33
Suppose 0 = -2*z - 2*z. Suppose -3*a + 144 = 2*o, z = o - a + 5*a - 77. Calculate the greatest common divisor of o and 23.
23
Let o be 6*(-1)/((-2)/11). What is the greatest common divisor of o and 55?
11
Suppose -207 = 10*d - 277. Let l = 26 + -12. What is the highest common factor of l and d?
7
Suppose 5*j - 271 = j + 5*c, 5*j = -c + 317. Calculate the greatest common factor of 48 and j.
16
Let k = 1570 + 199. What is the highest common divisor of 122 and k?
61
Let q be (-1)/(-2) + (-177)/(-6). Let p = 190 + -115. Calculate the greatest common factor of p and q.
15
Suppose 3*z = 2*c + 11, -2 = -4*z + 2*c + 12. Suppose -z - 9 = -2*r. Suppose 0 = -d + r*d - 85. What is the highest common divisor of 17 and d?
17
Let a be (4 - 2)*(-25)/10 - -19. What is the greatest common factor of 70 and a?
14
Let l = -26 + 29. Suppose -4*x + l*x + 3*u = -23, -4*x = -3*u - 65. Let t(a) = a**2 + a - 4. Let g be t(-3). Calculate the highest common divisor of g and x.
2
Let i = 1689 - 1173. What is the highest common factor of 129 and i?
129
Suppose g - 224 = 3*g - 4*z, -2*g - 244 = z. Suppose 2*i + 2*i + 12 = 0. Let n be g/28*21/i. Calculate the greatest common factor of n and 15.
15
Let y(t) = -9*t - 9. Let o be y(-5). Suppose -4*x + o = -0*x. Let d = 13 - 4. Calculate the highest common divisor of d and x.
9
Suppose 31*d = 120*d - 2136. Let x = -2 + 2. Suppose n + 3*n + 32 = 2*q, x = -2*q - 2*n + 32. What is the highest common divisor of q and d?
8
Suppose 0 = -f, -4*v + f - 832 = 720. Let w be v/(-16) + (-1)/4. Calculate the highest common divisor of w and 24.
24
Let j(n) = n**2 + 14*n + 3. Let u be j(-14). Calculate the greatest common factor of 75 and u.
3
Let z = 5225 + -5212. Suppose -4*j - t + 2391 = 0, -3*j = -t - 999 - 796. Suppose -j = -3*m - 169. Calculate the greatest common factor of z and m.
13
Suppose -5*k - 4*q + 3*q + 60 = 0, k + 9 = 4*q. What is the greatest common divisor of 407 and k?
11
Let z be 8/40 - 7/(70/(-78)). What is the greatest common divisor of 68 and z?
4
Let l be 14*1*(1 + 0). Let h(f) = 2*f**3 - 7*f**2 - 3*f - 1. Let v be h(4). Suppose s - v*s + 252 = 0. What is the highest common divisor of s and l?
14
Let i = 361 - 181. What is the highest common factor of i and 36?
36
Let r(g) = g**3 + 19*g**2 + 11*g + 17. Let m be r(-16). Suppose -4*t = 5*y - 761, 0 = 4*y + 2*t + t - m. What is the greatest common factor of y and 17?
17
Let w be 8 - (20 - 10) - -1617. What is the greatest common divisor of w and 19?
19
Suppose 2*w - 83 = -21. Suppose 5*j = 4*q - 501, j = 4*q - 329 - 168. What is the highest common divisor of q and w?
31
Suppose 2*i = -4*i + 240. Let g = 69 - 31. Let s = 2 + g. What is the highest common divisor of s and i?
40
Let z(r) = 2*r**2 - 8*r - 2. Let q be z(-6). Let u be q/8 - 1/(-4). Let c = 5 + u. What is the highest common factor of c and 40?
20
Let g be (-2)/11 - (-303)/33. Let f(z) = -z**3 - 3*z**2 - 9. Let q be f(-6). What is the highest common factor of g and q?
9
Let f be (-2)/(-38) - 67732/(-779). What is the greatest common divisor of f and 2784?
87
Suppose -4*t = -32 - 80. Suppose 0 = -5*m - 2*r + 70, 0*m = 5*m - r - 55. Let h = m + -5. What is the highest common factor of h and t?
7
Let b = -572 + 624. Let s(y) = 5*y**3 - y**2 + 2*y - 3. Let d be s(2). Suppose 0 = -4*n + d + 15. What is the greatest common divisor of n and b?
13
Let y(c) = 6*c**3 - c**2 + 4*c - 3. Let n be y(1). Suppose 3 = t - n. Calculate the greatest common divisor of 63 and t.
9
Let j = -800 + 812. 